 Determine x(c).
3
Let g(l) = -37*l - 10. Let s(v) = -80*v - 22. Let z(m) = 13*g(m) - 6*s(m). Let d = -61 + 49. Give z(d).
14
Let c(y) = 4*y - 7. Let r(k) = 16*k**2 + 5*k + 2. Let h be r(-1). Suppose -15 = -4*s + h. Suppose 8*d - s*d = 6. Determine c(d).
17
Let y(c) = 55*c**2 + 20*c - 96. Let g(t) = -29*t**2 - 10*t + 49. Let m(o) = -19*g(o) - 10*y(o). Give m(4).
5
Let m = -52 + 55. Let l(w) = w - 10. Let k(j) = 4*j - 50. Let q(h) = -k(h) + 5*l(h). Calculate q(m).
3
Let f(i) = 7*i - 25. Let h be f(10). Let u be ((-3)/h*6)/((-2)/20). Let o(w) = -124*w**2 - u*w + 1 + 4 + 123*w**2. Give o(-6).
-7
Let m(i) = -46*i + 416. Suppose -z - 326 + 348 = 2*a, -a - 2*z = -17. Give m(a).
2
Let c(m) = -139*m + 971. Let n be c(7). Let p(q) = -4*q**3 + q**2 - q + 3. Calculate p(n).
41
Let p(g) = 2*g**2 - 5*g - 4. Let y(x) = -x**2 - 4*x + 8. Let o(f) = 2*f**2 + 7*f - 14. Let s(k) = 4*o(k) + 7*y(k). Let q(b) = p(b) - 3*s(b). Calculate q(-5).
-4
Let r(b) be the second derivative of b**4/12 + 3*b**3/2 + 5*b**2/2 - 1457*b. Let v = 0 + -6. What is r(v)?
-13
Let b(x) be the first derivative of 4*x**3/3 - 17*x**2/2 - 11*x - 4956. What is b(6)?
31
Suppose -21 = 5*h - 4*q, 4*q - 6 = -2*h + 4*h. Let b(j) = -31*j - 154. Let u be b(h). Let d(g) = 10*g + 1. What is d(u)?
11
Suppose 3*v - 18 = -3*f + 9, 5*f - 2*v = 10. Let r = f + -5. Let z(m) = m**2 - 10*m + 13*m - 11*m + 1 + 9*m. Calculate z(r).
1
Suppose 0 = -4*v + 5408 + 2676. Let r(w) = 2*w**2 - 10*w + 2027 - v + 4*w. What is r(4)?
14
Let s be (-69)/((-207)/10)*6/5. Let i(q) be the second derivative of -4*q**2 + 0 + s*q - 1/12*q**4 + 3/2*q**3. What is i(7)?
6
Let y(g) be the second derivative of 19*g**3 + g**2/2 - 7785*g. Give y(1).
115
Let f(p) = p**2 - 48*p - 318. Let a = 5513 - 5519. Determine f(a).
6
Suppose -38*w - 15*w + 6*w + 423 = 0. Let z(j) = j**2 - 4*j - 49. Determine z(w).
-4
Let i(w) = -19*w + 31. Let r(l) = -12*l + 21. Let b be 16*((-6)/(-12))/1. Let h(n) = b*r(n) - 5*i(n). Calculate h(10).
3
Suppose d - 135 = -9. Suppose 7*j - d - 63 = 0. Suppose -7*u + 8 + j = 0. Let n(x) = -x + 9. Calculate n(u).
4
Let b be 11 - 10 - 3/(6/8). Let j(k) = -k**2 - 2*k + 2. Let d(i) = -15*i**2 - 3*i + 4. Let q(s) = b*j(s) + d(s). Determine q(1).
-11
Suppose 0 = -58*p - 9792 + 9908. Let z(g) = 17*g**3 - g**2 + 3*g - 1. Calculate z(p).
137
Let r(w) = 5*w + 37. Let p(x) = 2*x**3 + 10*x**2 - 14*x - 16. Let f be p(-6). Determine r(f).
17
Let s(q) = -q**3 - 7*q**2 + 7*q - 8. Suppose -3*a = -5*g - a + 714, 5*a - 591 = -4*g. Suppose 11*b + g = 56. What is s(b)?
0
Let v(p) = -p**2 + 11*p - 10. Let h(f) = -5*f**2 + 45*f - 41. Let u(i) = 2*h(i) - 9*v(i). Suppose -258*m - 233 = 2347. Give u(m).
-2
Let n(p) = 51*p**2 - 56*p - 21. Let s(i) = 81*i**2 - 84*i - 35. Let t(d) = 8*n(d) - 5*s(d). Determine t(8).
-25
Let i = -1 + 6. Let f(n) be the second derivative of -n**5/20 + 7*n**4/12 - 5*n**3/6 - n**2/2 + 174306*n. Calculate f(i).
24
Let p(k) be the third derivative of 7*k**5/20 + k**4/4 - k**3 + 7*k**2 + 4. Calculate p(1).
21
Let w(b) = -b**3 - 6*b**2 - 5*b. Let p be (-3 - -2) + -5 - -53. Let s = 43 - p. What is w(s)?
-12
Let t(w) be the first derivative of -2*w**3/3 + 4*w**2 - 10*w + 6428. Determine t(4).
-10
Let u(j) = -j**3 + 13*j**2 - 16*j + 41. Let q be 45/12*32/30*3. Determine u(q).
-7
Suppose 4*u + 3*j = -267, -3*j + 63 + 15 = -u. Let y = -73 - u. Let f(b) = -5*b - 3. Determine f(y).
17
Let b = -463 - -466. Let t(a) = 11*a**2 - 3*a**2 - 6*a**2. Calculate t(b).
18
Let r(y) = 8 - y**3 + 335*y - 628*y + 310*y - 17*y**2. Determine r(-18).
26
Let f(d) = 4*d**2 + d - 88. Let s be f(0). Let o = -93 - s. Let l(x) = -x**2 - 4*x + 4. Determine l(o).
-1
Let v(x) = x**2 - 28*x. Let h(c) = 400*c + 4828. Let k be h(-12). What is v(k)?
0
Let q(u) be the second derivative of -u**3/6 + 37*u**2/2 - 650*u + 36. Let t(m) = m**3 - 2*m**2 - 4*m + 3. Let n be t(3). What is q(n)?
37
Let b(y) = -17*y - 1. Let x = -39 + 69. Let m(i) = -i**3 + 30*i**2 - 2*i + 59. Let q be m(x). Determine b(q).
16
Suppose -4*t = 2*l - 8, -3*t - 5*l + 15 = 30. Let f(b) = b**2 - 18*b + 66. What is f(t)?
1
Suppose -328 = -9*k - 6*k - 403. Let d(i) = i**3 + 7*i**2 - 3*i - 17. Give d(k).
48
Let j(k) be the third derivative of -k**5/60 - k**4/6 - k**3/6 + k**2 - 87*k. Suppose -2*w = w - 2*c + 4, -5*c = w + 24. Give j(w).
-1
Let o(y) = y**3 + y + 3. Suppose 263*n = 212*n + 153. What is o(n)?
33
Let m(i) = 4*i**2 - 3*i + 1. Let l = 144 - 139. Suppose l*j - 68 = 67. Suppose 24*n + 6 = j*n. Calculate m(n).
11
Let x(h) = -h**3 + 4*h**2 - h - 3. Let k(z) be the first derivative of -z**2 - 24. Let l be k(-1). Let v(f) = -f**2 + 6*f - 5. Let i be v(l). Give x(i).
3
Suppose 2*p + 2*p = 104. Let c be p/(-13) - (-7)/1. Let n be 112/(-20) + (-2)/c. Let h(x) = -x - 3. Determine h(n).
3
Suppose -14*q - 72*q = 72*q - 474. Let t(j) = -15*j + 2 - 1 + j. What is t(q)?
-41
Suppose 0 = -6*u + 5*q, 3*u = -7*q + 6*q + 21. Let j(i) = -1 - i**2 + 6 + 0*i**2 + 4*i + 2. What is j(u)?
2
Let m = 608 - 603. Let v(a) = -a**3 - 1 - a**3 + m*a**2 - 5*a**2 + a - 4*a**2 + a**2. Give v(-3).
23
Let c(v) be the second derivative of -v**5/20 + 5*v**4/3 + 15*v**3/2 - 13*v**2 + 7*v + 1. Let x be c(22). Let m(b) = -b**2 - b - 3. Calculate m(x).
-15
Let j(k) = -k**2 + 6*k - 6. Let o be j(1). Let s(w) be the first derivative of -4*w**4 - 2*w**3/3 + w + 158. Give s(o).
15
Let t(a) = -a**2 + 7*a + 12. Let h be ((-195)/(-52) - 6)*-4. Give t(h).
-6
Let j(w) = 7*w**2 + 6*w**2 + 3*w - 681*w**3 + 2 - 6 + 682*w**3. Give j(-12).
104
Let w(g) = g**3 - 21*g**2 - 46*g - 5. Let x be (-1176)/336 + 53/2. Determine w(x).
-5
Suppose 19*z - 21*z = -50. Suppose 2*x + z = 2*o - 3, 0 = o - 5. Let r(g) = -2*g - 19. Give r(x).
-1
Let s be (-45 - -43)*10/(-4). Let d(n) = n**3 - 2*n**2 - 5*n - 2. Determine d(s).
48
Let o(i) = 1230*i**3 + i + i - i**2 - i**2 - 1229*i**3 - 7 - 2. Determine o(4).
31
Let k(g) be the third derivative of 0*g**4 - 41*g**2 + 0*g - 11/3*g**3 + 1/60*g**5 + 0. What is k(0)?
-22
Let j(z) = -9*z**2 - 3*z - 2. Let t = 649 - 177. Let o = -473 + t. Calculate j(o).
-8
Let r(g) = -9*g - 30. Suppose 4*i - j + 14 = -19, 0 = -2*j - 6. Calculate r(i).
51
Let f(p) = 2*p + 19. Suppose -69*b = -83 + 168 + 191. Give f(b).
11
Let s(n) be the first derivative of n**2/2 + 11*n + 2. Let j be ((-3927)/255 + (-78)/(-6))/(3/10). Give s(j).
3
Let u(b) = -b**3 + 6*b**2 - 5*b + 6. Let s(v) = v - 5. Let g be s(12). Suppose 3*y + 20 = g*y. What is u(y)?
6
Let k(h) be the second derivative of -h**4/24 + 5*h**3/6 + 83*h**2/2 - 123*h. Let p(l) be the first derivative of k(l). Calculate p(0).
5
Let u(q) = 26*q + 860. Let o be u(-33). Let k(a) be the third derivative of 2/3*a**3 + 1/24*a**4 + 0*a + 0 + 8*a**o. Give k(3).
7
Let j(c) = -20*c**3 - 106*c**2 - 48*c + 45. Let y(z) = 7*z**3 + 36*z**2 + 17*z - 15. Let v(r) = 6*j(r) + 17*y(r). What is v(-24)?
-9
Let o(y) = -32*y**2 + 34*y + 1. Let g(j) = -18*j**2 + 17*j. Let u(n) = 13*g(n) - 7*o(n). What is u(-1)?
0
Suppose 0 = 5*w + 77 - 67. Let u(s) be the third derivative of s**6/40 + s**5/60 - s**4/12 + s**3/6 + 266*s**2. Give u(w).
-15
Let s be -87 + 80 - (-10 + 0). Let o(p) be the third derivative of p**4/12 - 4*p**2. Give o(s).
6
Let f = 931 - 879. Let o(c) = c**2 + f - 19*c - 4*c**2 - 29 - c**3 + 15*c - 25. What is o(-2)?
2
Suppose -k = 5*t + 126, -25*t - 14 = -24*t + 3*k. Let b(y) = -2*y - 52. What is b(t)?
0
Let r = 175 + -175. Let i(y) = 7 - 7 + 5 + r*y - y. Calculate i(4).
1
Let l(k) be the second derivative of -k**5/20 - 31*k**4/12 - 31*k**3/6 - 43*k**2/2 - 2428*k. What is l(-30)?
-13
Let x(i) = i**2 - 8*i + 6. Let m be x(7). Let a(c) = 18 + 16 - 60 + 21. Let p(s) = -s. Let g(y) = m*a(y) + p(y). Determine g(4).
1
Let z = 109942 + -109946. Let w(o) = -o**3 - 5*o**2 - 1. Let f(d) = d**3 + 5*d**2 + d + 1. Let x(i) = -6*f(i) - 5*w(i). Determine x(z).
7
Let g(q) = -4*q**2 - 40*q + 175. Let v(k) = 5*k**2 + 40*k - 212. Let b(o) = -6*g(o) - 5*v(o). Give b(39).
49
Let t(y) be the first derivative of -2*y**3/3 + 13*y**2/2 - 24*y - 3768. Determine t(3).
-3
Let n(f) = 8*f - f**2 - 1116 - 5*f + 521 + 752. Determine n(14).
3
Let g(m) = -2068 - 2069 + 8295 - 2082 - 2070 + 3*m. Suppose -9 = -c + 4*c. Calculate g(c).
-3
Let f = -3679 + 3669. Let m(r) = r**3 + 9*r**2 - 10*r - 9. What is m(f)?
-9
Let f(h) = 4*h**2 - h 